{"id":9797,"date":"2023-12-10T14:18:46","date_gmt":"2023-12-10T13:18:46","guid":{"rendered":"https:\/\/www.feuerwehr-attendorn.de\/www\/?page_id=9797"},"modified":"2023-12-10T14:19:01","modified_gmt":"2023-12-10T13:19:01","slug":"pegelstaende","status":"publish","type":"page","link":"https:\/\/www.feuerwehr-attendorn.de\/www\/ihre-sicherheit\/pegelstaende\/","title":{"rendered":"Pegelst\u00e4nde"},"content":{"rendered":"\n<h3 class=\"wp-block-heading\">Pegelst\u00e4nde<\/h3>\n\n\n\n<p>Der Ruhrverband misst an zwei Stellen im Stadtgebiet die Pegel von Fl\u00fcssen. Der Pegelstand der Bigge wird hinter dem Verwaltungsgeb\u00e4ude der Mubea Unternehmensgruppe (Mubea-Platz, ehemals Schlachtwiese) gemessen. Der Pegelstand der Ihne im Bereich der Ortslage Kraghammer.<\/p>\n\n\n\n<p>An dieser Stelle finden Sie die aktuellen Pegelst\u00e4nde, <a href=\"http:\/\/www.talsperrenleitzentrale-ruhr.de\/\" target=\"_blank\" rel=\"noreferrer noopener\">mit freundlicher Genehmigung der Talsperrenleitzentrale des Ruhrverbands<\/a>.<\/p>\n\n\n\n<p>Weitere Informationen erhalten Sie auf den Seiten der Talsperrenleitzentrale unter\u00a0<a href=\"http:\/\/www.talsperrenleitzentrale-ruhr.de\/\" target=\"_blank\" rel=\"noreferrer noopener\">www.talsperrenleitzentrale-ruhr.de<\/a>.<\/p>\n\n\n\n<img decoding=\"async\" src=\"https:\/\/www.talsperrenleitzentrale-ruhr.de\/daten\/internet\/onlinedaten\/pegel\/w\/pegel_2766491000100_w.png\" \/>\n\n\n\n<img decoding=\"async\" src=\"https:\/\/www.talsperrenleitzentrale-ruhr.de\/daten\/internet\/onlinedaten\/pegel\/w\/pegel_2766487000100_w.png\" \/>\n","protected":false},"excerpt":{"rendered":"<p>Pegelst\u00e4nde Der Ruhrverband misst an zwei Stellen im Stadtgebiet die Pegel von Fl\u00fcssen. Der Pegelstand der Bigge wird hinter dem Verwaltungsgeb\u00e4ude der Mubea Unternehmensgruppe (Mubea-Platz, ehemals Schlachtwiese) gemessen. Der Pegelstand der Ihne im Bereich der Ortslage Kraghammer. An dieser Stelle&hellip;<\/p>\n","protected":false},"author":1,"featured_media":0,"parent":9690,"menu_order":0,"comment_status":"closed","ping_status":"closed","template":"","meta":{"cybocfi_hide_featured_image":"","footnotes":""},"class_list":["post-9797","page","type-page","status-publish","hentry"],"_links":{"self":[{"href":"https:\/\/www.feuerwehr-attendorn.de\/www\/wp-json\/wp\/v2\/pages\/9797","targetHints":{"allow":["GET"]}}],"collection":[{"href":"https:\/\/www.feuerwehr-attendorn.de\/www\/wp-json\/wp\/v2\/pages"}],"about":[{"href":"https:\/\/www.feuerwehr-attendorn.de\/www\/wp-json\/wp\/v2\/types\/page"}],"author":[{"embeddable":true,"href":"https:\/\/www.feuerwehr-attendorn.de\/www\/wp-json\/wp\/v2\/users\/1"}],"replies":[{"embeddable":true,"href":"https:\/\/www.feuerwehr-attendorn.de\/www\/wp-json\/wp\/v2\/comments?post=9797"}],"version-history":[{"count":2,"href":"https:\/\/www.feuerwehr-attendorn.de\/www\/wp-json\/wp\/v2\/pages\/9797\/revisions"}],"predecessor-version":[{"id":9799,"href":"https:\/\/www.feuerwehr-attendorn.de\/www\/wp-json\/wp\/v2\/pages\/9797\/revisions\/9799"}],"up":[{"embeddable":true,"href":"https:\/\/www.feuerwehr-attendorn.de\/www\/wp-json\/wp\/v2\/pages\/9690"}],"wp:attachment":[{"href":"https:\/\/www.feuerwehr-attendorn.de\/www\/wp-json\/wp\/v2\/media?parent=9797"}],"curies":[{"name":"wp","href":"https:\/\/api.w.org\/{rel}","templated":true}]}}